ulate the greatest common factor of i and u.
14
Let h(k) = k**3 - k**2 - 13*k + 1. Let c be h(5). Calculate the highest common factor of 4 and c.
4
Let w be 57 - ((2 - 1) + 0). Let t = 1 - -13. What is the highest common factor of t and w?
14
Let y = -3 - -37. Let t be 3 + (-1 + y)/3. Calculate the highest common factor of 42 and t.
14
Let r(t) = 2*t + 45. Let k be r(-14). Calculate the greatest common factor of 34 and k.
17
Let g(y) = -22*y. Let p be g(-1). Let d be 260/8 + (-6)/(-12). Calculate the greatest common factor of p and d.
11
Let j(h) = -7*h - 5. Let a be j(-3). Calculate the greatest common divisor of a and 2.
2
Suppose 0 = -3*b + 8 + 16. Let m = b - -4. Suppose -5*n + 206 - 56 = 0. What is the highest common divisor of m and n?
6
Suppose 0 = -5*j + 3*i + 185 + 62, -j = -2*i - 48. Let x = j - 35. Calculate the highest common divisor of 150 and x.
15
Suppose 0 = 5*q - 2*b + 5*b - 26, 2*q - 29 = 5*b. Let h = 3 - 2. Calculate the greatest common divisor of h and q.
1
Let m = -3 - -8. Suppose 0 = s - 1 - 3. Suppose 0*q = -s*j + q + 446, m*q = 5*j - 550. Calculate the greatest common factor of 16 and j.
16
Let n be 2/7 - 26/(-7). Let w = -5 - n. Let l = 16 + w. What is the greatest common divisor of l and 1?
1
Let y = 172 - 142. Calculate the highest common divisor of y and 330.
30
Let t be ((-1)/2)/((-11)/(-6) - 2). What is the greatest common factor of 12 and t?
3
Suppose 0 = 3*l, -5*f = -3*f + 3*l - 146. Let w be 2 + f*(-3 - -4). What is the greatest common divisor of w and 15?
15
Suppose -3*a + 59 = 4*i, -2*a + 5*i + 68 = a. Calculate the highest common divisor of a and 63.
21
Suppose -6*i = -2*i - 5*l - 35, -80 = -4*i - 4*l. What is the highest common divisor of 30 and i?
15
Let q(l) = -l + 4. Let k be q(4). Suppose k*o + 32 = o. Suppose -4*m + 16 = -16. What is the greatest common divisor of m and o?
8
Let o be (-3)/(-12)*4*5. Suppose -5*x + o*c + 125 = 0, 3*x + 5*c - 41 = 26. What is the greatest common divisor of 60 and x?
12
Let d be (8 - 0)*(-6)/(-4). Suppose -8*n + 8 = -4*n. Suppose -5*s + 17 = -0*i - n*i, 4*i + 4 = 0. Calculate the greatest common factor of s and d.
3
Suppose 0 = -6*k + 17 + 43. Calculate the highest common factor of k and 10.
10
Let k(l) = -9*l + 2. Let f be k(-2). Let c = f + -11. What is the greatest common divisor of 9 and c?
9
Let b(x) = x**3 - 6*x**2 + 14*x - 9. Let d be b(5). Suppose 0 = 4*k - 39 - 321. Calculate the greatest common divisor of d and k.
18
Let l be 16/((-45)/21 - -2). Let a = l - -162. Calculate the highest common divisor of 20 and a.
10
Suppose 3*d = -4*v + 11, d + 19 = 5*v + 3*d. Calculate the highest common factor of v and 1.
1
Suppose t + 6 = -3*s - 91, -134 = 4*s - t. Let a be ((-88)/24)/(1/s). Calculate the highest common divisor of 11 and a.
11
Suppose -3*g - 4*x - 10 = 0, 2*g - x + 22 = 4*x. Let m be (g - -2)/((-1)/13). Calculate the greatest common divisor of m and 13.
13
Let i = 229 + 145. Calculate the greatest common divisor of i and 34.
34
Let j be (26/(-5) - -1)*(-15)/3. Let b = 8 + 6. Calculate the greatest common factor of j and b.
7
Let w be 30/4*(-504)/(-45). Let g(f) = 8*f + 1. Let d be g(6). Let p = w - d. Calculate the greatest common factor of p and 5.
5
Let q = -38 + 71. Suppose 2*o + 5*m = 9, 0*o + m = -3*o + q. Calculate the greatest common factor of 132 and o.
12
Suppose -3*g = 4*u - 40, -4*u - 2*g = 2*g - 44. Suppose y - 45 = -5*m, u*y = 2*y - m + 297. Calculate the greatest common divisor of y and 12.
12
Let o(k) = 11*k**2 - 4. Let y be o(-2). Calculate the highest common factor of 8 and y.
8
Let p be ((-1)/2)/((-2)/32). Suppose 105 = -2*h - 133. Let v be h/(-4) - (-2)/p. Calculate the greatest common factor of 45 and v.
15
Let j = 8 + 2. Calculate the greatest common divisor of 4 and j.
2
Let v(h) = -8*h + 5. Let z be v(-6). Let a = 17 + z. What is the greatest common divisor of 7 and a?
7
Suppose -42 - 48 = -5*o. Let s(d) = d**2 + 6*d + 2. Let h be s(-7). Calculate the greatest common divisor of h and o.
9
Let v(s) be the third derivative of s**5/6 + s**4/12 + 2*s**3/3 + s**2. Let o be v(-2). What is the greatest common factor of 5 and o?
5
Suppose -3*s + 12 = 3*s. Suppose -s*r - 43 + 277 = 0. What is the highest common factor of 13 and r?
13
Let i be ((-2)/4)/(1/(-28)). Let g = 21 + i. Let z = -17 + 31. Calculate the highest common factor of z and g.
7
Suppose -4*t = -4*v - 20, 3*t - 3*v - 35 = -2*t. Suppose -12*u + 40 = -t*u. Calculate the highest common factor of u and 5.
5
Let d be (-1*3)/((-12)/1168). Suppose -4*y + 88 = 5*c - d, 4*c - 5*y = 263. Calculate the greatest common divisor of 9 and c.
9
Let j = 25 + -20. Let r = j - -70. Calculate the highest common factor of 30 and r.
15
Let b = -159 + 311. What is the highest common factor of b and 19?
19
Suppose -37 - 107 = -4*r. Let a = -25 + r. What is the greatest common divisor of 121 and a?
11
Suppose -2*z + z + 16 = 3*q, -4*z + 16 = 0. Suppose 1 = q*k - 75. What is the highest common factor of k and 19?
19
Suppose r - 23 = -2*o, 0 = -0*r - 5*r - 5. Let g be 4/8 - 526/(-4). Calculate the greatest common divisor of g and o.
12
Let t be -1*(-1 - 0) + 71. Suppose -4*c - t = -2*c. Let j = c - -50. Calculate the highest common divisor of 14 and j.
14
Suppose 35 = g + 4*g. Calculate the highest common factor of 21 and g.
7
Suppose 2*x = 4*x + 78. Let l(q) = -2*q**2 - 2*q - 1. Let a be l(-4). Let t = a - x. What is the greatest common factor of 7 and t?
7
Suppose 11*m + m = 168. Calculate the greatest common factor of m and 112.
14
Suppose b + 47 - 4 = -3*y, -b + 69 = -5*y. Let k = -3 - y. Calculate the greatest common divisor of 99 and k.
11
Let y be 1001/56 - (-1)/8. What is the highest common factor of 18 and y?
18
Let m(t) = 9*t**3 - 1. Let p be m(1). Suppose 2*f - p = 8. Let r = -10 - -18. What is the highest common factor of f and r?
8
Let p be (3/(-2))/(15/(-20)). Suppose 50 = g - p*o, -2*o + 54 = g - 8. Let u be 3/(-1) + 2 - -15. What is the greatest common divisor of g and u?
14
Let w be (4/(-3) + 1)*252/(-6). Suppose 3*j - 382 = -4*a, 0 = 5*j - 4*a + 3*a - 629. What is the highest common factor of w and j?
14
Let b(i) = -i**2 + 5*i + 18. Let c be b(6). What is the highest common divisor of 276 and c?
12
Let s be (7 - 5)*1/1. What is the highest common divisor of s and 2?
2
Suppose 2*g + 2*u = 8, 5*g + 23 = 3*u + 3. Let t be (-1)/(g - 0) + 2. Let x be (-10 - -12) + (-13)/(-1). Calculate the highest common divisor of t and x.
3
Let d(s) = 5*s**2 + s + 1. Let v be d(-1). Let a(i) = 7 - v*i + i + i**2 + 2*i. Let q be a(-7). Calculate the greatest common factor of 14 and q.
14
Suppose -175 = -4*j - j. What is the greatest common factor of j and 140?
35
Suppose -s + 13 + 1 = 4*o, 3*o = 5*s - 1. Let f be 6 + -2 - (o + -1). Let c = 3 - 2. What is the highest common divisor of f and c?
1
Suppose 2 - 82 = -5*n. What is the greatest common divisor of 144 and n?
16
Let i = 12 + -9. Suppose 117 = 5*s - x, -i*s + 34 = -2*x - 32. What is the highest common factor of 24 and s?
24
Let f = 11 - 3. Suppose -f = 3*s - 5*s. Calculate the highest common divisor of 4 and s.
4
Suppose 3*i - 94 = -4. What is the greatest common factor of i and 45?
15
Suppose -3*j = 5*t - 391, -j + 30 + 47 = t. Let a = -19 - -23. Suppose 0*b + t = a*b. Calculate the greatest common divisor of 20 and b.
20
Let n = 47 - 34. Let i be 1 + 1 - -2*n. Suppose 70 = 3*f - 2*f. What is the greatest common factor of i and f?
14
Let k = 138 - 130. Calculate the highest common factor of k and 8.
8
Let j be (-8)/4 - -5*1. Let w(g) = -4*g + 9. Let a be w(-6). Calculate the highest common divisor of a and j.
3
Let x(w) = -w - 4. Let q be x(-6). Suppose -m + 3 = -q. Let d = m - -1. What is the highest common divisor of 30 and d?
6
Let a be (-130)/(-6) + 2/(-3). Let l = a + -14. What is the highest common divisor of l and 49?
7
Let o(w) = w**3 + 15*w**2 + 19*w - 25. Let z be o(-11). What is the highest common factor of z and 100?
50
Let t(x) = -x**2 - 2. Let y be t(0). Suppose 4*z + 239 = -601. Let v be z/(y - 1) - 0. What is the greatest common divisor of 28 and v?
14
Let q = 40 + 10. Suppose 4*m - 5*s + 139 = 0, -2*m + 2*s - 142 = 2*m. Let u = q + m. What is the greatest common divisor of 2 and u?
2
Suppose -2*p - v = -93, -4*p - 4*v + 147 = -p. Wh